he remainder when 47 is divided by w?
13
Let l be (40/25)/((-1)/5). Let o(d) = -17*d**3 + d**2 + d + 1. What is the remainder when 2090/40 - 6/l is divided by o(-1)?
17
Let p = 33 + -6. Let f = 604 + -524. Calculate the remainder when f is divided by p.
26
Let l = -9 + -31. Let c = -22 - l. Calculate the remainder when 69 is divided by c.
15
Let l(s) be the third derivative of -s**6/120 - 2*s**5/15 - 5*s**4/12 - 5*s**3/6 - 3*s**2 + 5*s. Calculate the remainder when 0 + -2 + 32*3 is divided by l(-7).
14
Suppose y = 3*y - 112. Let b(i) = -i**3 + 6*i**2 + 15*i + 9. Calculate the remainder when b(5) is divided by y.
53
Let i be (-3 - 1) + 1 + 0. Calculate the remainder when 23 is divided by 0 - i - (-7 - -4).
5
Let p = -7 + 19. Let s be p/6*(-3)/(-2). Suppose -4 = -s*t + 2. Calculate the remainder when t is divided by 2.
0
Let o(f) = -82*f - 426. What is the remainder when o(-15) is divided by 7?
6
Suppose 8*h + 6*h = 280. Calculate the remainder when 25 is divided by h.
5
Suppose 3*i - 10*t = -8*t + 29, -5 = -t. What is the remainder when 64 is divided by i?
12
Let z = -68 + 127. Let d(w) = -w**2 - 7*w + 7. Calculate the remainder when z is divided by d(-6).
7
What is the remainder when 3*44 + (-72 - -73) is divided by 9?
7
Suppose w - 5*m - 9 = 0, -w + 4*m = m - 7. Suppose -2*g + 4*x + 46 = 8, -11 = g + w*x. Suppose 49 = 5*s + g. What is the remainder when s is divided by 3?
2
Suppose -3*x + 18 = -15. What is the remainder when 31 is divided by x?
9
Suppose -z + 67 - 109 = 0. Let h = z + 51. What is the remainder when 24 is divided by h?
6
Let v(m) = 2*m. Let r be v(0). Let n(t) = t**2 + 6*t + 24. Let s(o) = -o**2 - 9*o + 5. What is the remainder when n(r) is divided by s(-8)?
11
Let h(r) = -4*r + 1. Suppose 4*b = 10 - 106. Let m = b + 41. Calculate the remainder when h(-7) is divided by m.
12
Let t = 11 + 38. Let m = t + -28. Calculate the remainder when m is divided by 5.
1
Suppose 5*s + 65*y - 280 = 70*y, 3*s + 2*y - 183 = 0. Calculate the remainder when 482 is divided by s.
10
Let p(d) = -d**3 - d**2 + d + 48. Let j be (1 + -2 + 1)/(-1). Calculate the remainder when p(j) is divided by 18.
12
Let b(y) = 18*y**3 - y - 4 - 2*y**3 + 3 + 2*y. Suppose 5*n - n - 124 = 0. What is the remainder when n is divided by b(1)?
15
Suppose 2*f - 7 = -3. Let d(l) = 11*l**2 + 2*l + 1. Suppose 4*z + 2*p = 58, -p = 14*z - 18*z + 49. What is the remainder when d(f) is divided by z?
10
Let d(r) = 4*r**2 - 27*r - 6. Let p be d(7). What is the remainder when 4 is divided by (-133)/(-19) - (5 - p)?
1
Suppose 1167 = 12*k + 375. Calculate the remainder when 146 is divided by k.
14
Suppose 3*t - 12 = -3. Suppose -t*v + 2*c + 91 = 0, -2*c + 0 + 2 = 0. Calculate the remainder when v is divided by 16.
15
Let c = -81 - -101. Suppose -2*f - 71 = -5*s, 2*s = 4*s + 2*f - c. Suppose -y = 5, -4*t - y = -0*y - 139. What is the remainder when t is divided by s?
10
Let n = -204 + 756. Suppose 6*u - 9*u = -n. What is the remainder when u is divided by 47?
43
Let j(h) = 17*h**2 - h + 1. Let p(n) = n**2 - 5*n + 27. Calculate the remainder when p(6) is divided by j(1).
16
Let r = 267 + -255. What is the remainder when 35 is divided by r?
11
Let s = -711 + 735. Calculate the remainder when 37 is divided by s.
13
Let i be (-1 - (-768)/20) + (-6)/15. Suppose i*d - 70 = 35*d. What is the remainder when d is divided by 19?
16
What is the remainder when 197 is divided by (-20)/(-42)*3*(-7 - -21)?
17
Let o(f) = 2*f - 11. Suppose -76 = -6*u + 2*u. What is the remainder when u is divided by o(9)?
5
Let y = -6 - -11. Suppose y*s = -2*k + 7 + 22, 3*s - 15 = 0. Suppose -4*c = j - 7, -3*c = j + k*c - 8. What is the remainder when j is divided by 2?
1
Let z = 836 + -826. What is the remainder when 59 is divided by z?
9
Calculate the remainder when ((-10)/4)/((-4)/(130 + -10)) is divided by 28.
19
Let t = 61 - 26. Let j = t - 18. Suppose 53 = 5*w - 197. What is the remainder when w is divided by j?
16
Let m(o) = o**3 - 35*o**2 - 13*o + 481. Let y(h) = -h**2 - h + 101. Calculate the remainder when y(0) is divided by m(35).
23
Let u(m) = -m**3 + 10*m**2 - 23. Calculate the remainder when u(9) is divided by 4.
2
Let q(d) = 5*d + 22. Calculate the remainder when q(6) is divided by 13.
0
Let c(f) = -f + 17. Let s be c(0). Suppose -s = 2*a - 3*a. Calculate the remainder when 34 + (-1)/(-2 - -3) is divided by a.
16
Let j(m) = -m**3 - 12*m**2 - 4*m - 18. What is the remainder when 44 is divided by j(-12)?
14
Let v = -84 + 85. Let k(h) = 11*h - 5. Calculate the remainder when 6 is divided by k(v).
0
Suppose -3*x - 5*f + 4 + 28 = 0, 3*x = -4*f + 28. Suppose -g = -5*g + 16, 0 = r - x*g + 3. What is the remainder when 48 is divided by r?
9
Suppose -4*o = u + 3*u - 20, o = -3*u + 11. Suppose -3*b + 164 = l, 0*l + 168 = 3*b + u*l. Calculate the remainder when b is divided by 14.
12
Let k = 6 + -12. Let u be 25/2 + k/(-4). Let z(b) = 2*b - 3. What is the remainder when z(u) is divided by 14?
11
Let i = -1029 - -1034. Let m = 35 + 18. Suppose -i*r + m = -2*y - 69, y + 126 = 5*r. What is the remainder when 76 is divided by r?
24
Let z(f) = 5*f**3 - 2*f**2 + 2*f - 1. Let g be ((-108)/42)/(2/(-14)). Suppose 0 = 3*l - l - g. What is the remainder when z(2) is divided by l?
8
Suppose 3*o - 212 = 5*n, -86*o - 2*n + 405 = -81*o. What is the remainder when o is divided by 16?
15
Let r(u) = -u**3 + 7*u**2 + 3*u - 2. Suppose -2*t = -x - 9, -3*t - 2*x = 2*t - 36. What is the remainder when r(t) is divided by 18?
16
Let u(a) = -3*a - 4 - 3*a + 0. Let i be u(2). Let l = i - -28. What is the remainder when 22 is divided by l?
10
Let c = 489 + -346. Calculate the remainder when c is divided by 19.
10
Suppose 7*u - 10*u - 3*v + 1644 = 0, 4*u - 4*v - 2176 = 0. Calculate the remainder when u is divided by 61.
58
Let f = 90 - 52. Suppose -137 = -l - f. Calculate the remainder when l is divided by 34.
31
Let b(n) = n**3 + 13*n**2 - 19*n - 49. Let y = -3 + 5. Suppose -2*c - 11 = -6*c - 5*l, 10 = 2*c - y*l. What is the remainder when b(-14) is divided by c?
1
Let o = 16 - -52. Let f = 70 - o. Calculate the remainder when 4 is divided by f.
0
Suppose -o + 1166 = -5*f, -o = -3*f + 3*o - 703. What is the remainder when -3*(-1)/3 - f is divided by 47?
46
Let f(w) = -w**2 + 35*w - 62. Calculate the remainder when f(23) is divided by 24.
22
Suppose 0 = -7*w + 6*w + 3. Suppose 4*i + i - 3*u - 34 = 0, -u = w. Calculate the remainder when 33 is divided by i.
3
Suppose -7*u - 124 = -11*u. Suppose 80 = 2*h - 0. Let g = h + -24. Calculate the remainder when u is divided by g.
15
Let w(r) = 29*r + 11. Let o be w(3). Let c be (6/(-8))/((-2)/8). Suppose 4*x + 5*u = o, -2*x = -3*x - c*u + 28. What is the remainder when 42 is divided by x?
20
Suppose 2*j - 4*u - 216 = 0, -4*j + 303 = -4*u - 109. Calculate the remainder when j is divided by 64.
34
Let j = 66 + -36. What is the remainder when j is divided by 21?
9
Suppose 22*v - 15*v - 553 = 0. What is the remainder when v is divided by 20?
19
Suppose -5*n = 2*z + z - 85, 3*n + 12 = 0. Suppose 4*a = 5*l - 48, 2*l + 4*a + 12 = 4*l. What is the remainder when z is divided by l?
11
Let n = 13 - 22. Let w = n + 14. Suppose -2*s = -w*s + 15. Calculate the remainder when 14 is divided by s.
4
Let g(s) = -s**3 + 7*s**2 + 9*s + 7. Let z be g(8). Suppose -3 = -3*j + z. Calculate the remainder when 23 is divided by j.
5
Suppose 18*r + 20 = 17*r. Let g = 33 + r. What is the remainder when 34 is divided by g?
8
Let v(r) = -r**2 - 98*r - 706. Calculate the remainder when 543 is divided by v(-8).
11
Suppose -3*p = -2*b - 495, -265*p + 268*p + 4*b - 495 = 0. What is the remainder when p is divided by 78?
9
Let w = -815 + 1871. What is the remainder when w is divided by 23?
21
Let n = 56 + -30. Let x = -21 + n. Suppose -29 = -y + x*l, -l + 67 = -3*y + 8*y. What is the remainder when 41 is divided by y?
13
Let p(g) = -g**2 + 14*g + 52. Let x be p(13). Suppose -10*m + 175 = x. What is the remainder when 141 is divided by m?
9
Suppose 5*a = 4*c - 76, 5*c - 5*a - 62 = -7*a. What is the remainder when 109 is divided by c?
11
Let q be (95/76)/((-2)/(-48)). Let x = q - 23. What is the remainder when 13 is divided by x?
6
Suppose 2*q + q = 5*l + 87, -4*q - 4*l = -84. Suppose 16*r = q*r - 440. What is the remainder when r is 